t is the tens digit of o(-7)?
4
Let i(t) = t**2 - 2*t - 7. What is the units digit of i(9)?
6
Let z(g) = -2 - 3 - 2 - 3*g + 5*g. What is the units digit of z(8)?
9
Suppose -2*q = -z - 19, 3*q - 4 = 6*q + 5*z. Suppose q = 3*a - 53. What is the units digit of a?
0
Suppose -o + 2*o + 3*q = -4, 10 = -5*q. Suppose 1 = o*c - 19. What is the tens digit of c?
1
Let b(g) = -7*g**2 + 8*g + 12. Let c(l) = 8*l**2 - 8*l - 13. Let z(i) = 7*b(i) + 6*c(i). Let f be z(8). Suppose -4*v + f = -18. What is the units digit of v?
6
Suppose -29 = -4*p - x + 6*x, -5*p = 3*x + 10. Suppose 2*j = j - p. Let u = 0 - j. What is the units digit of u?
1
Let x = 8 + -6. Let v = 7 - x. What is the units digit of v?
5
Let o be (3/(-4))/(3/24). Let j(w) = w + 1. Let t(g) = -3*g + 4. Let s(q) = 4*j(q) + t(q). What is the units digit of s(o)?
2
Suppose -273 + 72 = -2*a - 5*x, -4*x = -5*a + 486. What is the tens digit of a?
9
Suppose 0 = -2*c + 5*c - 72. What is the units digit of c?
4
Let a = 2 + 0. Let k(v) = -3 - 2 + v**2 + 7. What is the units digit of k(a)?
6
Suppose 3 = 4*i - 21. What is the units digit of i?
6
Let r = 2 + 1. Let d be (-18 + 1)*2/(-1). Suppose -6*n + n = r*p - d, 2 = -p. What is the units digit of n?
8
Suppose 0*s = 2*s - 10. What is the units digit of s?
5
Suppose -5*d + 16 = -d. Let b be -2*(d/(-2) - -3). What is the units digit of (1 - 2 - b)*7?
7
Let a = -3 + 13. Suppose a = -3*t + 5*r + 47, -2*t + 3*r = -24. What is the units digit of t?
9
What is the tens digit of (-18)/4*(-468)/27?
7
Let n = 37 + -59. Let u = 449 + -1073. What is the tens digit of u/(-44) - (-4)/n?
1
Let b = -2 - -5. Suppose 27 = b*h - 0. Suppose 4*x - 3*t - t = 4, -3*t + h = x. What is the units digit of x?
3
Suppose -2*m - 3*m + 2*x = -17, -19 = -5*m + 4*x. What is the units digit of m?
3
Suppose -v + 0*v = 0, -2*x + 40 = -3*v. Let c = x + -11. What is the units digit of c?
9
Suppose -c + 119 = 5*r, 5*c - 36 = -2*r + 7. Let h = r - 9. What is the units digit of h?
5
Suppose -3*g + 5*t = -456, -27*t + 26*t = 0. What is the hundreds digit of g?
1
Let v be ((1 - 4)*1)/(-1). Suppose -3 + 0 = v*o. Let q = o - -2. What is the units digit of q?
1
Let x(z) = -3*z + 3. Let s be x(-7). Suppose -s = j - 3*j. What is the tens digit of j?
1
Let l = -14 - -16. Suppose -l*z + 0 = -36. What is the units digit of z?
8
Let n = -5 - -6. Let c(i) = 32*i**3 - 2*i**2 + i. What is the units digit of c(n)?
1
Let n(g) = 3*g + 4. Let i be n(-4). What is the units digit of i/(-12)*6/4?
1
Let g(q) = q**3 - q**2 - 4*q - 1. Let k(d) = d**2 + 6*d + 3. Let o be k(-6). Let n be g(o). Suppose n = -u + 16. What is the units digit of u?
1
Let y be (-28)/3 - (-2)/6. Let b = y - -15. What is the units digit of b/(-5)*20/(-3)?
8
Suppose -2*k = -5*k - 36. Let a be (8/6)/(4/k). What is the units digit of 2 - a*(-4)/(-2)?
0
Let v be (3/9)/((-2)/6). Let n be 1/(v*(-3)/18). Let g = 12 - n. What is the units digit of g?
6
Suppose 7 = -l - 7*h + 3*h, -l - h + 2 = 0. Suppose 0*m = -2*u - 4*m + 66, l*u - 109 = 4*m. What is the units digit of u?
5
Suppose 2*z = -0*z + 562. What is the units digit of z?
1
Suppose q = 2, -2*c = -q - 0*q - 112. What is the tens digit of c?
5
Let m(r) = -r**3 - r**2 + 7. Let f = -4 + 4. What is the units digit of m(f)?
7
Let n be 2*(-2)/6*-3. Suppose 0 = -n*o - 2*o. Suppose -2*x + 13 + 1 = o. What is the units digit of x?
7
Let h(l) = -3*l - 7. Let n(p) = 1. Let y(b) = -h(b) - 5*n(b). What is the units digit of y(12)?
8
Suppose w + 7 = 3*h, -3*w + 5 = -0*h + 4*h. What is the units digit of (-9)/h*(1 + -3)?
9
Suppose -a = 2*a - 12. Suppose -36 = 3*d - a*d. What is the tens digit of d?
3
Suppose 4*t + 2*h + 3*h - 11 = 0, 2 = -2*h. Suppose a - 4 - 2 = 0. Suppose 2*u = a*u - t. What is the units digit of u?
1
What is the tens digit of 0 - (-8)/(-12) - 429/(-9)?
4
Let t(h) = 3*h**2 - h + 1. Suppose 0 = -5*n + 4*x + 8, 0 = -3*n + 5*x - 0 - 3. What is the tens digit of t(n)?
4
Let i = -19 - -16. What is the units digit of (-32 + 1)*(i + 2)?
1
Suppose -19*m = -15*m - 468. What is the tens digit of m?
1
Suppose 4*a - 3*i = -23, 7 + 19 = -3*a + 4*i. Let r = 0 + a. What is the units digit of r*(0 - 1/2)?
1
Suppose -g - 5 = 4*g. Let n = g + 2. What is the units digit of 175/20 - n/(-4)?
9
What is the units digit of (-1900)/(-75) + ((-4)/(-6) - 1)?
5
Let s = -2 - -5. Suppose t + 35 = 2*o, 4*t - 20 = -s*o + 5. What is the units digit of o?
5
Suppose 0 = -z + 4*z. Let j = 0 - z. Suppose j = -4*v + 2*v + 4. What is the units digit of v?
2
Let r(t) = t**2 + 9*t + 11. Let b be r(-8). Suppose -o = -b + 1. Suppose g = -o*u + 3, -3*g + u = 2*g - 37. What is the units digit of g?
7
Suppose 1 - 7 = -a. Let u be (a/(-5))/(9/30). What is the units digit of 6/(-4) + (-14)/u?
2
Suppose 4*o - 2*k = 2, 3*o - 2*k - 8 = -7*k. Let t be 2*(-4)/(-16)*-6. What is the units digit of (2 - 6/t) + o?
5
Suppose -2*z + 5*t + 22 = 0, -t - 9 = -5*z - 0. What is the units digit of 10 - (z - -1)*1?
8
Let r = -9 + 12. What is the units digit of r?
3
Let a = 86 + -84. Suppose -40 = -3*j - j. Suppose a*o - 30 = j. What is the tens digit of o?
2
Suppose 4*x - 12 - 40 = 0. Let w = x - 7. What is the units digit of w?
6
Let p = 12 + -1. What is the tens digit of p?
1
Suppose 9 = c + 2. Let i(f) = -f + 2*f - 2*f + 9 + 0*f. What is the units digit of i(c)?
2
Let w(n) = -n**3 - n**2 + 11. Let f be w(0). Suppose f = h - 6. What is the units digit of h?
7
Let n(t) = t + 6. Let w be n(7). Suppose 0*y + y + w = h, -h + 28 = 2*y. What is the units digit of (2/(-4))/((-1)/h)?
9
Suppose -4*v = -v - 3. Let j be (-1 + v)/(4/(-4)). Suppose j*c - 5*c + 5 = 0. What is the units digit of c?
1
Suppose 13 = 2*a + 3, -a = -2*j + 231. What is the units digit of j?
8
Suppose -3*y + 37 = 4*d + 10, 20 = 2*y + 2*d. What is the units digit of y?
3
Let p be 20*(-1)/5*-2. Let j be (-20)/p*4/(-5). Suppose -32 = -4*h + j*h. What is the units digit of h?
6
Let l be 5/2*(-66)/(-55). Suppose l*j + 0*c = -5*c + 91, -c = 1. What is the units digit of j?
2
Let s(d) = -8*d**3 - 4*d**2 - 2*d. What is the units digit of s(-2)?
2
What is the units digit of (-8)/2*(2 - 7)?
0
Suppose 0 = -0*q - 3*q. Suppose q = -t - t + 38. What is the units digit of t?
9
Let k be -196*(0 - (-3)/3). What is the tens digit of k/(-12) + 6/9?
1
Suppose -2*l + 9 - 32 = -5*w, 17 = -w - 5*l. What is the units digit of 0 + (-6 + w)/(-1)?
3
Suppose 0 = 5*z - 5*j - 10, -5*z - j - 3*j = -19. Let d be (-1)/z + (-14)/(-6). Suppose -d*k - 14 = -42. What is the units digit of k?
4
Let m(q) = q**3 - 6*q**2 - 3*q - 7. Let j be m(6). Let v = 39 + j. What is the units digit of v?
4
Suppose -15*f = -13*f - 56. What is the units digit of f?
8
Let g(w) = -w**2 + 11*w + 16. Let d(x) = -1. Let s(b) = 6*d(b) + g(b). What is the units digit of s(10)?
0
Suppose -2*t = 4*n + 2, -3*t - 3 = 3*n - 9. Suppose -w + t + 5 = 0. What is the units digit of w?
0
Let v(c) = 0*c + 4 + 0 - c. Suppose i - 9 = 4*i. What is the units digit of v(i)?
7
Suppose -5*u + 5*p + 105 = 0, 2*p - 6 = u - 27. What is the units digit of u?
1
Suppose -5*v = -0*v - 1550. What is the tens digit of v?
1
What is the units digit of 4*((-3)/12)/(-1)?
1
Let c(b) = b**2 - 8*b + 1. Suppose -y + 2*y = -3*i + 6, -4*y = 4*i - 8. Suppose -5*z + 2 + 38 = y. What is the units digit of c(z)?
1
Suppose -16 = -0*b + 2*b. Let p = -23 - -44. Let z = b + p. What is the tens digit of z?
1
Let f be -4*(-2)/(-10)*5. Let j = 2 - f. Let h(u) = u**3 - 7*u**2 + 6*u + 6. What is the units digit of h(j)?
6
Let k(c) = c**2 + 7*c - 14. Let o be k(-9). Suppose -2*v + 4 = -o*q + 44, 5*v - 20 = 0. What is the tens digit of q?
1
Suppose 5*c - t = 513, -432 + 28 = -4*c + 4*t. What is the units digit of c?
3
Suppose -2*t + 17 - 5 = 0. Let d be (-1)/(-3) + 10/6. Let a = t - d. What is the units digit of a?
4
Let z = 224 - 118. What is the hundreds digit of z?
1
Suppose 2*a + 14 = 2*h, -4*a - a - 43 = 3*h. Suppose -43 = 5*g - 138. Let z = a + g. What is the units digit of z?
1
Let p(s) = s**3 + 9*s**2 - 12*s + 4. Let x be p(-9). Suppose -4*o - z = -x, -2*o - 137 = -7*o - 2*z. What is the tens digit of o?
2
Let i(c) = -65*c - 8. What is the units digit of i(-2)?
2
Suppose 3*v + 4*t = 13, -2*t + 51 = 5*v + 6. What is the units digit of v?
1
Let p = 1 + -2. Let t be 4 + (4*p - -2). What is the units d